{"id":6,"date":"2023-10-17T21:03:54","date_gmt":"2023-10-18T00:03:54","guid":{"rendered":"https:\/\/teal-ferret-759024.hostingersite.com\/?page_id=6"},"modified":"2023-11-09T16:29:00","modified_gmt":"2023-11-09T19:29:00","slug":"pagina-inicial","status":"publish","type":"page","link":"https:\/\/lidersuprimentos.com.br\/","title":{"rendered":"P\u00e1gina Inicial"},"content":{"rendered":"\n<div class=\"wp-block-cover alignfull is-light\" style=\"min-height:92vh\" id=\"home-section\"><span aria-hidden=\"true\" class=\"wp-block-cover__background has-background-dim-0 has-background-dim\"><\/span><img loading=\"lazy\" decoding=\"async\" width=\"1060\" height=\"771\" class=\"wp-block-cover__image-background wp-image-160\" alt=\"\" src=\"http:\/\/teal-ferret-759024.hostingersite.com\/wp-content\/uploads\/2023\/10\/background.png\" style=\"object-position:50% 50%\" data-object-fit=\"cover\" data-object-position=\"50% 50%\" srcset=\"https:\/\/lidersuprimentos.com.br\/wp-content\/uploads\/2023\/10\/background.png 1060w, https:\/\/lidersuprimentos.com.br\/wp-content\/uploads\/2023\/10\/background-300x218.png 300w, https:\/\/lidersuprimentos.com.br\/wp-content\/uploads\/2023\/10\/background-1024x745.png 1024w, https:\/\/lidersuprimentos.com.br\/wp-content\/uploads\/2023\/10\/background-768x559.png 768w\" sizes=\"(max-width: 1060px) 100vw, 1060px\" \/><div class=\"wp-block-cover__inner-container is-layout-flow wp-block-cover-is-layout-flow\">\n<div style=\"height:100px\" aria-hidden=\"true\" class=\"wp-block-spacer\"><\/div>\n\n\n\n<div class=\"wp-block-group is-vertical is-content-justification-center is-layout-flex wp-container-core-group-layout-2 wp-block-group-is-layout-flex\">\n<div class=\"wp-block-group is-horizontal is-content-justification-center is-nowrap is-layout-flex wp-container-core-group-layout-1 wp-block-group-is-layout-flex\"><div class=\"alignright is-style-default wp-block-site-logo\"><img loading=\"lazy\" decoding=\"async\" width=\"100\" height=\"100\" src=\"https:\/\/lidersuprimentos.com.br\/wp-content\/uploads\/2023\/10\/cropped-lider_icon.png\" class=\"custom-logo\" alt=\"L\u00edder &#8211; Suprimentos Industriais\" srcset=\"https:\/\/lidersuprimentos.com.br\/wp-content\/uploads\/2023\/10\/cropped-lider_icon.png 512w, https:\/\/lidersuprimentos.com.br\/wp-content\/uploads\/2023\/10\/cropped-lider_icon-300x300.png 300w, https:\/\/lidersuprimentos.com.br\/wp-content\/uploads\/2023\/10\/cropped-lider_icon-150x150.png 150w, https:\/\/lidersuprimentos.com.br\/wp-content\/uploads\/2023\/10\/cropped-lider_icon-270x270.png 270w, https:\/\/lidersuprimentos.com.br\/wp-content\/uploads\/2023\/10\/cropped-lider_icon-192x192.png 192w, https:\/\/lidersuprimentos.com.br\/wp-content\/uploads\/2023\/10\/cropped-lider_icon-180x180.png 180w, https:\/\/lidersuprimentos.com.br\/wp-content\/uploads\/2023\/10\/cropped-lider_icon-32x32.png 32w\" sizes=\"(max-width: 100px) 100vw, 100px\" \/><\/div>\n\n\n<h1 class=\"wp-block-heading has-text-align-left lider-font\" style=\"font-size:90px;font-style:bold;font-weight:700;margin-bottom:-25px\">LIDER<\/h1>\n<\/div>\n\n\n\n<h3 class=\"wp-block-heading has-text-align-center lider-font has-neve-link-color-color has-text-color\" style=\"font-size:30px;font-style:normal;font-weight:700\">SUPRIMENTOS INDUSTRIAIS<\/h3>\n<\/div>\n\n\n\n<div style=\"height:50px\" aria-hidden=\"true\" class=\"wp-block-spacer\"><\/div>\n\n\n\n<div class=\"wp-block-buttons is-content-justification-center is-layout-flex wp-container-core-buttons-layout-1 wp-block-buttons-is-layout-flex\">\n<div class=\"wp-block-button is-style-primary\"><a class=\"wp-block-button__link has-nv-site-bg-color has-text-color wp-element-button\" href=\"#about-section\" style=\"border-radius:30px\">SOBRE A EMPRESA<\/a><\/div>\n\n\n\n<div class=\"wp-block-button is-style-secondary\"><a class=\"wp-block-button__link wp-element-button\" href=\"#products-section\" style=\"border-radius:30px\">NOSSOS PRODUTOS<\/a><\/div>\n<\/div>\n\n\n\n<div style=\"height:140px\" aria-hidden=\"true\" class=\"wp-block-spacer\"><\/div>\n<\/div><\/div>\n\n\n\n<div id=\"about-section\" class=\"wp-block-essential-blocks-wrapper\"><div class=\"eb-parent-wrapper eb-parent-eb-wrapper-8skb6i3 \"><div class=\"eb-wrapper-outer eb-wrapper-8skb6i3\"><div class=\"eb-shape-divider eb-shape-divider-bottom\" data-shape=\"style_1\" data-negative=\"false\"><svg xmlns=\"http:\/\/www.w3.org\/2000\/svg\" fill=\"none\" viewBox=\"0 0 1000 100\" preserveAspectRatio=\"none\"><g clip-path=\"url(#eb-shape-divider-ocean-wave)\"><path class=\"eb-shape-divider-fill\" fill=\"#715AFF\" d=\"M0 97.79S101.82-.97 283.17 5.23c203.09 0 290.46 94.4 716.83 94.4V0H0v97.79Z\"><\/path><\/g><defs><clipPath id=\"eb-shape-divider-ocean-wave\"><path fill=\"#fff\" class=\"eb-shape-divider-fill\" d=\"M0 0h1000v99.62H0z\"><\/path><\/clipPath><\/defs><\/svg><\/div><div class=\"eb-wrapper-inner\"><div class=\"eb-wrapper-inner-blocks eb-wrapper-align-center\">\n<div class=\"wp-block-group has-nv-site-bg-color has-text-color is-layout-flow wp-block-group-is-layout-flow\"><div class=\"wp-block-group__inner-container\">\n<div class=\"wp-block-columns are-vertically-aligned-center is-layout-flex wp-container-core-columns-layout-1 wp-block-columns-is-layout-flex\">\n<div class=\"wp-block-column is-vertically-aligned-center is-layout-flow wp-block-column-is-layout-flow\" style=\"flex-basis:50%\">\n<h2 class=\"wp-block-heading has-text-align-right\">SOBRE A EMPRESA<\/h2>\n\n\n\n<p class=\"has-text-align-right has-nv-text-dark-bg-color has-text-color\">Empresa com mais de 20 anos de expertise na sua \u00e1rea, voltada em suprir as necessidades de seus clientes, aliada a boas pr\u00e1ticas ambientais. Nossos produtos atendem as necessidades dos clientes, mas ainda efetuamos desenvolvimentos espec\u00edficos conforme a sua necessidade.<\/p>\n<\/div>\n\n\n\n<div class=\"wp-block-column is-vertically-aligned-center is-layout-flow wp-block-column-is-layout-flow\" style=\"flex-basis:50%\">\n<div class=\"wp-block-essential-blocks-interactive-promo\"><div class=\"eb-parent-wrapper eb-parent-eb-interactive-promo-zuuzgud \"><div class=\"eb-interactive-promo-wrapper eb-interactive-promo-zuuzgud\"><div class=\"eb-interactive-promo-container\" data-effect=\"apollo\"><div class=\"eb-interactive-promo hover-effect\"><figure class=\"effect-apollo\"><img decoding=\"async\" src=\"https:\/\/teal-ferret-759024.hostingersite.com\/wp-content\/uploads\/2023\/10\/imagem_2023-10-19_100936298.png\" alt=\"image\"\/><figcaption><h2 class=\"eb-interactive-promo-header\">LIDER<\/h2><p class=\"eb-interactive-promo-content\">Suprimentos\nIndustriais<\/p><\/figcaption><\/figure><\/div><\/div><\/div><\/div><\/div>\n<\/div>\n<\/div>\n<\/div><\/div>\n<\/div><\/div><\/div><\/div><\/div>\n\n\n\n<div class=\"wp-block-cover has-neve-text-color-color has-text-color\" id=\"mission-section\"><span aria-hidden=\"true\" class=\"wp-block-cover__background has-nv-site-bg-background-color has-background-dim-0 has-background-dim\"><\/span><div class=\"wp-block-cover__inner-container is-layout-constrained wp-block-cover-is-layout-constrained\">\n<div class=\"wp-block-essential-blocks-row alignfull\"><div class=\"eb-parent-wrapper eb-parent-eb-row-vi2aaox \"><div class=\"eb-row-root-container eb-row-vi2aaox\" data-id=\"eb-row-vi2aaox\"><div class=\"eb-row-wrapper\"><div class=\"eb-row-inner\">\n<div class=\"eb-parent-wrapper eb-parent-eb-column-w02km9t  wp-block-essential-blocks-column\"><div class=\"eb-column-wrapper eb-column-w02km9t\"><div class=\"eb-column-inner\">\n<div class=\"wp-block-essential-blocks-icon\"><div class=\"eb-parent-wrapper eb-parent-eb-icon-2galflb \"><div class=\"eb-icon-wrapper eb-icon-2galflb eb-icon-view-default\" data-id=\"eb-icon-2galflb\"><div class=\"eb-icon-container\"><i class=\"far fa-paper-plane\"><\/i><\/div><\/div><\/div><\/div>\n\n\n\n<div style=\"height:20px\" aria-hidden=\"true\" class=\"wp-block-spacer\"><\/div>\n\n\n\n<h3 class=\"wp-block-heading has-text-align-center has-neve-text-color-color has-text-color\">Miss\u00e3o<\/h3>\n\n\n\n<p class=\"has-text-align-center\">A L\u00edder tem como miss\u00e3o, suprir a necessidade de seus clientes entregando produtos de excel\u00eancia com qualidade.<\/p>\n\n\n\n<div style=\"height:20px\" aria-hidden=\"true\" class=\"wp-block-spacer\"><\/div>\n<\/div><\/div><\/div>\n\n\n\n<div class=\"eb-parent-wrapper eb-parent-eb-column-hy5vwt3  wp-block-essential-blocks-column\"><div class=\"eb-column-wrapper eb-column-hy5vwt3\"><div class=\"eb-column-inner\">\n<div class=\"wp-block-essential-blocks-icon\"><div class=\"eb-parent-wrapper eb-parent-eb-icon-efpkla7 \"><div class=\"eb-icon-wrapper eb-icon-efpkla7 eb-icon-view-default\" data-id=\"eb-icon-efpkla7\"><div class=\"eb-icon-container\"><i class=\"far fa-lightbulb\"><\/i><\/div><\/div><\/div><\/div>\n\n\n\n<div style=\"height:20px\" aria-hidden=\"true\" class=\"wp-block-spacer\"><\/div>\n\n\n\n<h3 class=\"wp-block-heading has-text-align-center has-neve-text-color-color has-text-color\">Vis\u00e3o<\/h3>\n\n\n\n<p class=\"has-text-align-center\">Ser uma marca L\u00edder levando a melhor solu\u00e7\u00e3o para seus colaboradores e clientes.<\/p>\n\n\n\n<div style=\"height:20px\" aria-hidden=\"true\" class=\"wp-block-spacer\"><\/div>\n<\/div><\/div><\/div>\n\n\n\n<div class=\"eb-parent-wrapper eb-parent-eb-column-yuybisi  wp-block-essential-blocks-column\"><div class=\"eb-column-wrapper eb-column-yuybisi\"><div class=\"eb-column-inner\">\n<div class=\"wp-block-essential-blocks-icon\"><div class=\"eb-parent-wrapper eb-parent-eb-icon-2mungf7 \"><div class=\"eb-icon-wrapper eb-icon-2mungf7 eb-icon-view-default\" data-id=\"eb-icon-2mungf7\"><div class=\"eb-icon-container\"><i class=\"far fa-heart\"><\/i><\/div><\/div><\/div><\/div>\n\n\n\n<div style=\"height:20px\" aria-hidden=\"true\" class=\"wp-block-spacer\"><\/div>\n\n\n\n<h3 class=\"wp-block-heading has-text-align-center has-neve-text-color-color has-text-color\">Valores<\/h3>\n\n\n\n<p class=\"has-text-align-center\">Dedica\u00e7\u00e3o e respeito com responsabilidade de prosperar em seu crescimento.<\/p>\n\n\n\n<div style=\"height:20px\" aria-hidden=\"true\" class=\"wp-block-spacer\"><\/div>\n<\/div><\/div><\/div>\n<\/div><\/div><\/div><\/div><\/div>\n<\/div><\/div>\n\n\n\n<div id=\"products-section\" class=\"wp-block-essential-blocks-wrapper\"><div class=\"eb-parent-wrapper eb-parent-eb-wrapper-7ozjo6m \"><div class=\"eb-wrapper-outer eb-wrapper-7ozjo6m eb-wrapper-align-center\"><div class=\"eb-wrapper-inner\"><div class=\"eb-wrapper-inner-blocks\">\n<h1 class=\"wp-block-heading has-text-align-center has-neve-link-color-color has-text-color has-large-font-size\"><strong>NOSSA LINHA DE PRODUTOS<\/strong><\/h1>\n\n\n\n<div class=\"wp-block-essential-blocks-row alignfull\"><div class=\"eb-parent-wrapper eb-parent-eb-row-eg05rvw \"><div class=\"eb-row-root-container eb-row-eg05rvw\" data-id=\"eb-row-eg05rvw\"><div class=\"eb-row-wrapper\"><div class=\"eb-row-inner\">\n<div class=\"eb-parent-wrapper eb-parent-eb-column-iyp6hh3  wp-block-essential-blocks-column\"><div class=\"eb-column-wrapper eb-column-iyp6hh3\"><div class=\"eb-column-inner\">\n<div class=\"wp-block-essential-blocks-flipbox shadow-text\"><div class=\"eb-parent-wrapper eb-parent-eb-flipbox-3znxy8y \"><div class=\"eb-flipbox-container eb-flipbox-3znxy8y eb-flipbox-align-center\" data-id=\"eb-flipbox-3znxy8y\" data-flip-type=\"flip-left\"><div class=\"eb-flipper flip-left\"><div class=\"eb-flipbox-front\"><div class=\"eb-flipbox-items-container\"><div class=\"eb-flipbox-icon-wrapper\"><\/div><div class=\"eb-flipbox-front-title-wrapper\"><h3 class=\"eb-flipbox-front-title\">METAIS<\/h3><\/div><\/div><\/div><div class=\"eb-flipbox-back\"><div class=\"eb-flipbox-items-container\"><div class=\"eb-flipbox-icon-wrapper\"><\/div><div class=\"eb-flipbox-back-content-wrapper\"><p class=\"eb-flipbox-back-content\">Decapantes<br>Desengraxantes<br>Fosfatizantes<br>\u00d3leos protetivos<br>Oxidante negro<br>Removedores<\/p><\/div><\/div><\/div><\/div><\/div><\/div><\/div>\n<\/div><\/div><\/div>\n\n\n\n<div class=\"eb-parent-wrapper eb-parent-eb-column-b0vshmb  wp-block-essential-blocks-column\"><div class=\"eb-column-wrapper eb-column-b0vshmb\"><div class=\"eb-column-inner\">\n<div class=\"wp-block-essential-blocks-flipbox shadow-text\"><div class=\"eb-parent-wrapper eb-parent-eb-flipbox-hchyavj \"><div class=\"eb-flipbox-container eb-flipbox-hchyavj eb-flipbox-align-center\" data-id=\"eb-flipbox-hchyavj\" data-flip-type=\"flip-left\"><div class=\"eb-flipper flip-left\"><div class=\"eb-flipbox-front\"><div class=\"eb-flipbox-items-container\"><div class=\"eb-flipbox-icon-wrapper\"><\/div><div class=\"eb-flipbox-front-title-wrapper\"><h3 class=\"eb-flipbox-front-title\">N\u00c3O-METAIS<\/h3><\/div><\/div><\/div><div class=\"eb-flipbox-back\"><div class=\"eb-flipbox-items-container\"><div class=\"eb-flipbox-icon-wrapper\"><\/div><div class=\"eb-flipbox-back-content-wrapper\"><p class=\"eb-flipbox-back-content\">Desengraxantes<br>\nFosfatizantes<\/p><\/div><\/div><\/div><\/div><\/div><\/div><\/div>\n<\/div><\/div><\/div>\n\n\n\n<div class=\"eb-parent-wrapper eb-parent-eb-column-7nrnwba  wp-block-essential-blocks-column\"><div class=\"eb-column-wrapper eb-column-7nrnwba\"><div class=\"eb-column-inner\">\n<div class=\"wp-block-essential-blocks-flipbox shadow-text\"><div class=\"eb-parent-wrapper eb-parent-eb-flipbox-6z9e9i8 \"><div class=\"eb-flipbox-container eb-flipbox-6z9e9i8 eb-flipbox-align-center\" data-id=\"eb-flipbox-6z9e9i8\" data-flip-type=\"flip-left\"><div class=\"eb-flipper flip-left\"><div class=\"eb-flipbox-front\"><div class=\"eb-flipbox-items-container\"><div class=\"eb-flipbox-icon-wrapper\"><\/div><div class=\"eb-flipbox-front-title-wrapper\"><h3 class=\"eb-flipbox-front-title\">\u00c1GUA EFLUENTES<\/h3><\/div><\/div><\/div><div class=\"eb-flipbox-back\"><div class=\"eb-flipbox-items-container\"><div class=\"eb-flipbox-icon-wrapper\"><\/div><div class=\"eb-flipbox-back-content-wrapper\"><p class=\"eb-flipbox-back-content\">Acidificantes<br>\nAlcalinizantes<br>\nPol\u00edmeros<br>\nAnti-Espumantes<br>\nAgentes Especiais<\/p><\/div><\/div><\/div><\/div><\/div><\/div><\/div>\n<\/div><\/div><\/div>\n\n\n\n<div class=\"eb-parent-wrapper eb-parent-eb-column-mi29bwm  wp-block-essential-blocks-column\"><div class=\"eb-column-wrapper eb-column-mi29bwm\"><div class=\"eb-column-inner\">\n<div class=\"wp-block-essential-blocks-flipbox shadow-text\"><div class=\"eb-parent-wrapper eb-parent-eb-flipbox-ywanrpg \"><div class=\"eb-flipbox-container eb-flipbox-ywanrpg eb-flipbox-align-center\" data-id=\"eb-flipbox-ywanrpg\" data-flip-type=\"flip-left\"><div class=\"eb-flipper flip-left\"><div class=\"eb-flipbox-front\"><div class=\"eb-flipbox-items-container\"><div class=\"eb-flipbox-icon-wrapper\"><\/div><div class=\"eb-flipbox-front-title-wrapper\"><h3 class=\"eb-flipbox-front-title\">BACT\u00c9RIAS<\/h3><\/div><\/div><\/div><div class=\"eb-flipbox-back\"><div class=\"eb-flipbox-items-container\"><div class=\"eb-flipbox-icon-wrapper\"><\/div><div class=\"eb-flipbox-back-content-wrapper\"><p class=\"eb-flipbox-back-content\">ETE&#8217;s<br>\nResid\u00eancias<br>\nCanis<br>\nSu\u00ednocultura<br>\nPecu\u00e1ria<br>\nCompostagem<\/p><\/div><\/div><\/div><\/div><\/div><\/div><\/div>\n<\/div><\/div><\/div>\n<\/div><\/div><\/div><\/div><\/div>\n\n\n\n<div class=\"wp-block-essential-blocks-row alignfull\"><div class=\"eb-parent-wrapper eb-parent-eb-row-012i6g1 \"><div class=\"eb-row-root-container eb-row-012i6g1\" data-id=\"eb-row-012i6g1\"><div class=\"eb-row-wrapper\"><div class=\"eb-row-inner\">\n<div class=\"eb-parent-wrapper eb-parent-eb-column-wxxol0o  wp-block-essential-blocks-column\"><div class=\"eb-column-wrapper eb-column-wxxol0o\"><div class=\"eb-column-inner\">\n<div class=\"wp-block-essential-blocks-flipbox shadow-text\"><div class=\"eb-parent-wrapper eb-parent-eb-flipbox-ivc63ri \"><div class=\"eb-flipbox-container eb-flipbox-ivc63ri eb-flipbox-align-center\" data-id=\"eb-flipbox-ivc63ri\" data-flip-type=\"flip-left\"><div class=\"eb-flipper flip-left\"><div class=\"eb-flipbox-front\"><div class=\"eb-flipbox-items-container\"><div class=\"eb-flipbox-icon-wrapper\"><\/div><div class=\"eb-flipbox-front-title-wrapper\"><h3 class=\"eb-flipbox-front-title\">ASFALTO<\/h3><\/div><\/div><\/div><div class=\"eb-flipbox-back\"><div class=\"eb-flipbox-items-container\"><div class=\"eb-flipbox-icon-wrapper\"><\/div><div class=\"eb-flipbox-back-content-wrapper\"><p class=\"eb-flipbox-back-content\">Antiaderente<br>\nDetergente<br>\nDesengraxantes<\/p><\/div><\/div><\/div><\/div><\/div><\/div><\/div>\n<\/div><\/div><\/div>\n\n\n\n<div class=\"eb-parent-wrapper eb-parent-eb-column-phn9vdk  wp-block-essential-blocks-column\"><div class=\"eb-column-wrapper eb-column-phn9vdk\"><div class=\"eb-column-inner\">\n<div class=\"wp-block-essential-blocks-flipbox shadow-text\"><div class=\"eb-parent-wrapper eb-parent-eb-flipbox-4r9ce8q \"><div class=\"eb-flipbox-container eb-flipbox-4r9ce8q eb-flipbox-align-center\" data-id=\"eb-flipbox-4r9ce8q\" data-flip-type=\"flip-left\"><div class=\"eb-flipper flip-left\"><div class=\"eb-flipbox-front\"><div class=\"eb-flipbox-items-container\"><div class=\"eb-flipbox-icon-wrapper\"><\/div><div class=\"eb-flipbox-front-title-wrapper\"><h3 class=\"eb-flipbox-front-title\">CONSTRU\u00c7\u00c3O CIVIL<\/h3><\/div><\/div><\/div><div class=\"eb-flipbox-back\"><div class=\"eb-flipbox-items-container\"><div class=\"eb-flipbox-icon-wrapper\"><\/div><div class=\"eb-flipbox-back-content-wrapper\"><p class=\"eb-flipbox-back-content\">Antiaderente<br>\nDetergente<br>\nDesengraxantes<\/p><\/div><\/div><\/div><\/div><\/div><\/div><\/div>\n<\/div><\/div><\/div>\n\n\n\n<div class=\"eb-parent-wrapper eb-parent-eb-column-c2pvgxn  wp-block-essential-blocks-column\"><div class=\"eb-column-wrapper eb-column-c2pvgxn\"><div class=\"eb-column-inner\">\n<div class=\"wp-block-essential-blocks-flipbox shadow-text\"><div class=\"eb-parent-wrapper eb-parent-eb-flipbox-rxfst1a \"><div class=\"eb-flipbox-container eb-flipbox-rxfst1a eb-flipbox-align-center\" data-id=\"eb-flipbox-rxfst1a\" data-flip-type=\"flip-left\"><div class=\"eb-flipper flip-left\"><div class=\"eb-flipbox-front\"><div class=\"eb-flipbox-items-container\"><div class=\"eb-flipbox-icon-wrapper\"><\/div><div class=\"eb-flipbox-front-title-wrapper\"><h3 class=\"eb-flipbox-front-title\">ZINCAGEM\/<br>CROMAGEM<\/h3><\/div><\/div><\/div><div class=\"eb-flipbox-back\"><div class=\"eb-flipbox-items-container\"><div class=\"eb-flipbox-icon-wrapper\"><\/div><div class=\"eb-flipbox-back-content-wrapper\"><p class=\"eb-flipbox-back-content\">cobre<br>\nzinco<br>\nniquel<br>\ndesengraxante <br>\naditivos<\/p><\/div><\/div><\/div><\/div><\/div><\/div><\/div>\n<\/div><\/div><\/div>\n\n\n\n<div class=\"eb-parent-wrapper eb-parent-eb-column-h6mit72  wp-block-essential-blocks-column\"><div class=\"eb-column-wrapper eb-column-h6mit72\"><div class=\"eb-column-inner\">\n<div class=\"wp-block-essential-blocks-flipbox shadow-text\"><div class=\"eb-parent-wrapper eb-parent-eb-flipbox-0htyw7w \"><div class=\"eb-flipbox-container eb-flipbox-0htyw7w eb-flipbox-align-center\" data-id=\"eb-flipbox-0htyw7w\" data-flip-type=\"flip-left\"><div class=\"eb-flipper flip-left\"><div class=\"eb-flipbox-front\"><div class=\"eb-flipbox-items-container\"><div class=\"eb-flipbox-icon-wrapper\"><\/div><div class=\"eb-flipbox-front-title-wrapper\"><h3 class=\"eb-flipbox-front-title\">ESPECIAIS<\/h3><\/div><\/div><\/div><div class=\"eb-flipbox-back\"><div class=\"eb-flipbox-items-container\"><div class=\"eb-flipbox-icon-wrapper\"><\/div><div class=\"eb-flipbox-back-content-wrapper\"><p class=\"eb-flipbox-back-content\">Coagulantes de tinta<br>\nProtetores de cabine<br>\n\u00d3leos de estampagem<br>\nAnti-Respingo para solda<br>\nFlu\u00eddos de corte<\/p><\/div><\/div><\/div><\/div><\/div><\/div><\/div>\n<\/div><\/div><\/div>\n<\/div><\/div><\/div><\/div><\/div>\n<\/div><\/div><\/div><\/div><\/div>\n\n\n\n<div style=\"height:100px\" aria-hidden=\"true\" class=\"wp-block-spacer\"><\/div>\n\n\n\n<div class=\"wp-block-cover\" style=\"min-height:320px\" id=\"contact-section\"><span aria-hidden=\"true\" class=\"wp-block-cover__background has-neve-text-color-background-color has-background-dim-100 has-background-dim\"><\/span><div class=\"wp-block-cover__inner-container is-layout-constrained wp-block-cover-is-layout-constrained\">\n<div class=\"wp-block-group is-layout-constrained wp-block-group-is-layout-constrained\"><div class=\"wp-block-group__inner-container\">\n<div class=\"wp-block-columns is-layout-flex wp-container-core-columns-layout-2 wp-block-columns-is-layout-flex\">\n<div class=\"wp-block-column is-layout-flow wp-block-column-is-layout-flow\">\n<h2 class=\"wp-block-heading has-text-align-center has-nv-site-bg-color has-text-color\">ENTRE EM CONTATO<\/h2>\n\n\n\n<ul class=\"wp-block-social-links has-visible-labels is-style-default is-vertical is-content-justification-center is-layout-flex wp-container-core-social-links-layout-1 wp-block-social-links-is-layout-flex\"><li class=\"wp-social-link wp-social-link-whatsapp  wp-block-social-link\"><a rel=\" noopener nofollow\" target=\"_blank\" href=\"https:\/\/api.whatsapp.com\/send?phone=5551993646672\" class=\"wp-block-social-link-anchor\"><svg width=\"24\" height=\"24\" viewBox=\"0 0 24 24\" version=\"1.1\" xmlns=\"http:\/\/www.w3.org\/2000\/svg\" aria-hidden=\"true\" focusable=\"false\"><path d=\"M 12.011719 2 C 6.5057187 2 2.0234844 6.478375 2.0214844 11.984375 C 2.0204844 13.744375 2.4814687 15.462563 3.3554688 16.976562 L 2 22 L 7.2324219 20.763672 C 8.6914219 21.559672 10.333859 21.977516 12.005859 21.978516 L 12.009766 21.978516 C 17.514766 21.978516 21.995047 17.499141 21.998047 11.994141 C 22.000047 9.3251406 20.962172 6.8157344 19.076172 4.9277344 C 17.190172 3.0407344 14.683719 2.001 12.011719 2 z M 12.009766 4 C 14.145766 4.001 16.153109 4.8337969 17.662109 6.3417969 C 19.171109 7.8517969 20.000047 9.8581875 19.998047 11.992188 C 19.996047 16.396187 16.413812 19.978516 12.007812 19.978516 C 10.674812 19.977516 9.3544062 19.642812 8.1914062 19.007812 L 7.5175781 18.640625 L 6.7734375 18.816406 L 4.8046875 19.28125 L 5.2851562 17.496094 L 5.5019531 16.695312 L 5.0878906 15.976562 C 4.3898906 14.768562 4.0204844 13.387375 4.0214844 11.984375 C 4.0234844 7.582375 7.6067656 4 12.009766 4 z M 8.4765625 7.375 C 8.3095625 7.375 8.0395469 7.4375 7.8105469 7.6875 C 7.5815469 7.9365 6.9355469 8.5395781 6.9355469 9.7675781 C 6.9355469 10.995578 7.8300781 12.182609 7.9550781 12.349609 C 8.0790781 12.515609 9.68175 15.115234 12.21875 16.115234 C 14.32675 16.946234 14.754891 16.782234 15.212891 16.740234 C 15.670891 16.699234 16.690438 16.137687 16.898438 15.554688 C 17.106437 14.971687 17.106922 14.470187 17.044922 14.367188 C 16.982922 14.263188 16.816406 14.201172 16.566406 14.076172 C 16.317406 13.951172 15.090328 13.348625 14.861328 13.265625 C 14.632328 13.182625 14.464828 13.140625 14.298828 13.390625 C 14.132828 13.640625 13.655766 14.201187 13.509766 14.367188 C 13.363766 14.534188 13.21875 14.556641 12.96875 14.431641 C 12.71875 14.305641 11.914938 14.041406 10.960938 13.191406 C 10.218937 12.530406 9.7182656 11.714844 9.5722656 11.464844 C 9.4272656 11.215844 9.5585938 11.079078 9.6835938 10.955078 C 9.7955938 10.843078 9.9316406 10.663578 10.056641 10.517578 C 10.180641 10.371578 10.223641 10.267562 10.306641 10.101562 C 10.389641 9.9355625 10.347156 9.7890625 10.285156 9.6640625 C 10.223156 9.5390625 9.737625 8.3065 9.515625 7.8125 C 9.328625 7.3975 9.131125 7.3878594 8.953125 7.3808594 C 8.808125 7.3748594 8.6425625 7.375 8.4765625 7.375 z\"><\/path><\/svg><span class=\"wp-block-social-link-label\">+55 (51) 99364-6672<\/span><\/a><\/li>\n\n<li class=\"wp-social-link wp-social-link-mail  wp-block-social-link\"><a rel=\" noopener nofollow\" target=\"_blank\" href=\"mailto:lider@lidersuprimentos.com.br\" class=\"wp-block-social-link-anchor\"><svg width=\"24\" height=\"24\" viewBox=\"0 0 24 24\" version=\"1.1\" xmlns=\"http:\/\/www.w3.org\/2000\/svg\" aria-hidden=\"true\" focusable=\"false\"><path d=\"M19,5H5c-1.1,0-2,.9-2,2v10c0,1.1.9,2,2,2h14c1.1,0,2-.9,2-2V7c0-1.1-.9-2-2-2zm.5,12c0,.3-.2.5-.5.5H5c-.3,0-.5-.2-.5-.5V9.8l7.5,5.6,7.5-5.6V17zm0-9.1L12,13.6,4.5,7.9V7c0-.3.2-.5.5-.5h14c.3,0,.5.2.5.5v.9z\"><\/path><\/svg><span class=\"wp-block-social-link-label\">lider@lidersuprimentos.com.br<\/span><\/a><\/li><\/ul>\n<\/div>\n\n\n\n<div class=\"wp-block-column is-layout-flow wp-block-column-is-layout-flow\">\n<div style=\"height:20px;width:0px\" aria-hidden=\"true\" class=\"wp-block-spacer\"><\/div>\n\n\n\n<div class=\"wp-block-group is-content-justification-center is-nowrap is-layout-flex wp-container-core-group-layout-4 wp-block-group-is-layout-flex\">\n<h6 class=\"wp-block-heading has-text-align-right has-nv-site-bg-color has-text-color\">L\u00edder Suprimentos Industriais Ltda.<\/h6>\n<\/div>\n\n\n\n<div style=\"height:40px;width:0px\" aria-hidden=\"true\" class=\"wp-block-spacer\"><\/div>\n\n\n\n<div class=\"wp-block-group is-vertical is-content-justification-center is-layout-flex wp-container-core-group-layout-5 wp-block-group-is-layout-flex\">\n<p class=\"has-text-align-center\"><i class=\"fas fa-location-dot\"><\/i> Rua Giusseppe Garagnani 241, Distrito Industrial, S\u00e3o Leopoldo RS<\/p>\n<\/div>\n<\/div>\n<\/div>\n<\/div><\/div>\n<\/div><\/div>\n","protected":false},"excerpt":{"rendered":"","protected":false},"author":1,"featured_media":0,"parent":0,"menu_order":0,"comment_status":"closed","ping_status":"closed","template":"","meta":{"_eb_attr":"","neve_meta_sidebar":"","neve_meta_container":"","neve_meta_enable_content_width":"on","neve_meta_content_width":100,"neve_meta_title_alignment":"","neve_meta_author_avatar":"","neve_post_elements_order":"","neve_meta_disable_header":"","neve_meta_disable_footer":"","neve_meta_disable_title":"on","footnotes":""},"_links":{"self":[{"href":"https:\/\/lidersuprimentos.com.br\/index.php?rest_route=\/wp\/v2\/pages\/6"}],"collection":[{"href":"https:\/\/lidersuprimentos.com.br\/index.php?rest_route=\/wp\/v2\/pages"}],"about":[{"href":"https:\/\/lidersuprimentos.com.br\/index.php?rest_route=\/wp\/v2\/types\/page"}],"author":[{"embeddable":true,"href":"https:\/\/lidersuprimentos.com.br\/index.php?rest_route=\/wp\/v2\/users\/1"}],"replies":[{"embeddable":true,"href":"https:\/\/lidersuprimentos.com.br\/index.php?rest_route=%2Fwp%2Fv2%2Fcomments&post=6"}],"version-history":[{"count":219,"href":"https:\/\/lidersuprimentos.com.br\/index.php?rest_route=\/wp\/v2\/pages\/6\/revisions"}],"predecessor-version":[{"id":437,"href":"https:\/\/lidersuprimentos.com.br\/index.php?rest_route=\/wp\/v2\/pages\/6\/revisions\/437"}],"wp:attachment":[{"href":"https:\/\/lidersuprimentos.com.br\/index.php?rest_route=%2Fwp%2Fv2%2Fmedia&parent=6"}],"curies":[{"name":"wp","href":"https:\/\/api.w.org\/{rel}","templated":true}]}}